{"id":276,"date":"2024-07-23T15:36:21","date_gmt":"2024-07-23T15:36:21","guid":{"rendered":"https:\/\/www.satinformatico.com\/?page_id=276"},"modified":"2024-07-23T15:40:41","modified_gmt":"2024-07-23T15:40:41","slug":"politica-de-cookies","status":"publish","type":"page","link":"https:\/\/www.satinformatico.com\/index.php\/politica-de-cookies\/","title":{"rendered":"Pol\u00edtica de cookies"},"content":{"rendered":"\t\t<div data-elementor-type=\"wp-page\" data-elementor-id=\"276\" class=\"elementor elementor-276\" data-elementor-post-type=\"page\">\n\t\t\t\t<div class=\"elementor-element elementor-element-3afe9e7 e-flex e-con-boxed e-con e-parent\" data-id=\"3afe9e7\" data-element_type=\"container\" data-e-type=\"container\">\n\t\t\t\t\t<div class=\"e-con-inner\">\n\t\t\t\t<div class=\"elementor-element elementor-element-a1bd175 elementor-widget elementor-widget-text-editor\" data-id=\"a1bd175\" data-element_type=\"widget\" data-e-type=\"widget\" data-widget_type=\"text-editor.default\">\n\t\t\t\t<div class=\"elementor-widget-container\">\n\t\t\t\t\t\t\t\t\t<header class=\"page-header\" style=\"margin-bottom: 1.563rem; color: rgb(51, 51, 51); font-family: &quot;Open Sans&quot;, &quot;Helvetica Neue&quot;, Helvetica, Arial, sans-serif; font-size: 14px;\"><h1 style=\"font-size: 1.375rem; margin-right: 0px; margin-bottom: 0.5rem; margin-left: 0px; font-family: inherit; line-height: 1.1; color: inherit;\">Pol\u00edtica de cookies<\/h1><\/header><section id=\"content\" class=\"page-content page-cms page-cms-6\" style=\"background-image: initial; background-position: initial; background-size: initial; background-repeat: initial; background-attachment: initial; background-origin: initial; background-clip: initial; padding: 1.25rem; text-align: justify; margin-bottom: 1.563rem; color: rgb(51, 51, 51); font-family: &quot;Open Sans&quot;, &quot;Helvetica Neue&quot;, Helvetica, Arial, sans-serif; font-size: 14px;\"><p class=\"MsoNormal\" style=\"margin-bottom: 15pt; color: rgb(102, 102, 102); line-height: normal; font-family: Roboto, sans-serif;\"><span style=\"font-size: 10pt; font-family: Arial, sans-serif; color: rgb(93, 92, 92);\">Una&nbsp;<i>cookie<\/i>&nbsp;es un peque\u00f1o fichero de texto que se almacena en su navegador cuando visita casi cualquier p\u00e1gina web. Su utilidad es que la web sea capaz de recordar su visita cuando vuelva a navegar por esa p\u00e1gina. Las&nbsp;<i>cookies<\/i>&nbsp;suelen almacenar informaci\u00f3n de car\u00e1cter t\u00e9cnico, preferencias personales, personalizaci\u00f3n de contenidos, estad\u00edsticas de uso, enlaces a redes sociales, acceso a cuentas de usuario, etc. El objetivo de la&nbsp;<i>cookie<\/i>&nbsp;es adaptar el contenido de la web a su perfil y necesidades, sin&nbsp;<i>cookies<\/i>&nbsp;los servicios ofrecidos por cualquier p\u00e1gina se ver\u00edan mermados notablemente. Si desea consultar m\u00e1s informaci\u00f3n sobre qu\u00e9 son las&nbsp;<i>cookies<\/i>, qu\u00e9 almacenan, c\u00f3mo eliminarlas, desactivarlas, etc.,&nbsp;<\/span><a href=\"https:\/\/www.clinicapc.es\/mas-informacion-sobre-las-cookies\/\" style=\"background-color: transparent; color: rgb(18, 18, 18);\"><span style=\"font-size: 10pt; font-family: Arial, sans-serif; color: rgb(220, 108, 84);\">le rogamos se dirija a este enlace.<\/span><\/a><\/p><p class=\"MsoNormal\" style=\"margin-bottom: 0.0001pt; color: rgb(102, 102, 102); line-height: 15pt; font-family: Roboto, sans-serif;\"><span style=\"font-size: 10pt; font-family: Arial, sans-serif; color: rgb(93, 92, 92);\"><\/span><\/p><p style=\"color: rgb(102, 102, 102); line-height: 1.45; font-family: Roboto, sans-serif;\"><\/p><p class=\"MsoNormal\" style=\"margin-bottom: 15pt; color: rgb(102, 102, 102); line-height: normal; font-family: Roboto, sans-serif;\"><span style=\"font-size: 18pt; font-family: Arial, sans-serif; color: rgb(72, 79, 94);\">Cookies utilizadas en este sitio web<\/span><\/p><p style=\"color: rgb(102, 102, 102); line-height: 1.45; font-family: Roboto, sans-serif;\"><\/p><p class=\"MsoNormal\" style=\"margin-bottom: 0.0001pt; color: rgb(102, 102, 102); line-height: 15pt; font-family: Roboto, sans-serif;\"><span style=\"font-size: 10pt; font-family: Arial, sans-serif; color: rgb(93, 92, 92);\">Siguiendo las directrices de la Agencia Espa\u00f1ola de Protecci\u00f3n de Datos procedemos a detallar el uso de&nbsp;<i>cookies<\/i>&nbsp;que hace esta web con el fin de informarle con la m\u00e1xima exactitud posible.<\/span><\/p><p style=\"color: rgb(102, 102, 102); line-height: 1.45; font-family: Roboto, sans-serif;\"><\/p><p class=\"MsoNormal\" style=\"margin-bottom: 0.0001pt; color: rgb(102, 102, 102); line-height: 15pt; font-family: Roboto, sans-serif;\"><span style=\"font-size: 10pt; font-family: Arial, sans-serif; color: rgb(93, 92, 92);\">Este sitio web utiliza las siguientes&nbsp;<span style=\"font-weight: bolder;\">cookies propias<\/span>:<\/span><\/p><p style=\"color: rgb(102, 102, 102); line-height: 1.45; font-family: Roboto, sans-serif;\"><\/p><p class=\"MsoNormal\" style=\"margin: 0cm 0cm 0.0001pt 11.25pt; color: rgb(102, 102, 102); line-height: normal; font-family: Roboto, sans-serif; text-indent: -18pt;\"><span style=\"font-size: 10pt; font-family: Symbol; color: rgb(93, 92, 92);\">\u00b7<span style=\"font-size: 7pt; line-height: normal; font-family: &quot;Times New Roman&quot;;\">&nbsp;&nbsp;&nbsp;&nbsp;&nbsp;&nbsp;&nbsp;&nbsp;&nbsp;<\/span><\/span><span style=\"font-size: 10pt; font-family: Arial, sans-serif; color: rgb(93, 92, 92);\">Cookies de sesi\u00f3n, para garantizar que los usuarios que escriban comentarios en el blog sean humanos y no aplicaciones automatizadas. De esta forma se combate el&nbsp;<i>spam<\/i>.<\/span><\/p><p style=\"color: rgb(102, 102, 102); line-height: 1.45; font-family: Roboto, sans-serif;\"><\/p><p class=\"MsoNormal\" style=\"margin-bottom: 0.0001pt; color: rgb(102, 102, 102); line-height: 15pt; font-family: Roboto, sans-serif;\"><span style=\"font-size: 10pt; font-family: Arial, sans-serif; color: rgb(93, 92, 92);\">Este sitio web utiliza las siguientes&nbsp;<span style=\"font-weight: bolder;\">cookies de terceros<\/span>:<\/span><\/p><p style=\"color: rgb(102, 102, 102); line-height: 1.45; font-family: Roboto, sans-serif;\"><\/p><p class=\"MsoNormal\" style=\"margin: 0cm 0cm 0.0001pt 11.25pt; color: rgb(102, 102, 102); line-height: normal; font-family: Roboto, sans-serif; text-indent: -18pt;\"><span style=\"font-size: 10pt; font-family: Symbol; color: rgb(93, 92, 92);\">\u00b7<span style=\"font-size: 7pt; line-height: normal; font-family: &quot;Times New Roman&quot;;\">&nbsp;&nbsp;&nbsp;&nbsp;&nbsp;&nbsp;&nbsp;&nbsp;&nbsp;<\/span><\/span><span style=\"font-size: 10pt; font-family: Arial, sans-serif; color: rgb(93, 92, 92);\">Google Analytics: Almacena&nbsp;<i>cookies<\/i>&nbsp;para poder elaborar estad\u00edsticas sobre el tr\u00e1fico y volumen de visitas de esta web. Al utilizar este sitio web est\u00e1 consintiendo el tratamiento de informaci\u00f3n acerca de usted por Google. Por tanto, el ejercicio de cualquier derecho en este sentido deber\u00e1 hacerlo comunicando directamente con Google.<\/span><\/p><p style=\"color: rgb(102, 102, 102); line-height: 1.45; font-family: Roboto, sans-serif;\"><\/p><p class=\"MsoNormal\" style=\"margin: 0cm 0cm 0.0001pt 11.25pt; color: rgb(102, 102, 102); line-height: normal; font-family: Roboto, sans-serif; text-indent: -18pt;\"><span style=\"font-size: 10pt; font-family: Symbol; color: rgb(93, 92, 92);\">\u00b7<span style=\"font-size: 7pt; line-height: normal; font-family: &quot;Times New Roman&quot;;\">&nbsp;&nbsp;&nbsp;&nbsp;&nbsp;&nbsp;&nbsp;&nbsp;&nbsp;<\/span><\/span><span style=\"font-size: 10pt; font-family: Arial, sans-serif; color: rgb(93, 92, 92);\">Redes sociales: Cada red social utiliza sus propias&nbsp;<i>cookies<\/i>&nbsp;para que usted pueda pinchar en botones del tipo&nbsp;<i>Me gusta<\/i>&nbsp;o&nbsp;<i>Compartir<\/i>.<\/span><\/p><p style=\"color: rgb(102, 102, 102); line-height: 1.45; font-family: Roboto, sans-serif;\"><\/p><p class=\"MsoNormal\" style=\"margin-bottom: 15pt; color: rgb(102, 102, 102); line-height: normal; font-family: Roboto, sans-serif;\"><span style=\"font-size: 18pt; font-family: Arial, sans-serif; color: rgb(72, 79, 94);\">Desactivaci\u00f3n o eliminaci\u00f3n de cookies<\/span><\/p><p style=\"color: rgb(102, 102, 102); line-height: 1.45; font-family: Roboto, sans-serif;\"><\/p><p class=\"MsoNormal\" style=\"margin-bottom: 0.0001pt; color: rgb(102, 102, 102); line-height: 15pt; font-family: Roboto, sans-serif;\"><span style=\"font-size: 10pt; font-family: Arial, sans-serif; color: rgb(93, 92, 92);\">En cualquier momento podr\u00e1 ejercer su derecho de desactivaci\u00f3n o eliminaci\u00f3n de cookies de este sitio web. Estas acciones se realizan de forma diferente en funci\u00f3n del navegador que est\u00e9 usando.&nbsp;<\/span><a href=\"https:\/\/www.clinicapc.es\/mas-informacion-sobre-las-cookies\" style=\"background-color: transparent; color: rgb(18, 18, 18);\"><span style=\"font-size: 10pt; font-family: Arial, sans-serif; color: rgb(220, 108, 84);\">Aqu\u00ed le dejamos una gu\u00eda r\u00e1pida para los navegadores m\u00e1s populares<\/span><\/a><span style=\"font-size: 10pt; font-family: Arial, sans-serif; color: rgb(93, 92, 92);\">.<\/span><\/p><p style=\"color: rgb(102, 102, 102); line-height: 1.45; font-family: Roboto, sans-serif;\"><\/p><p class=\"MsoNormal\" style=\"margin-bottom: 15pt; color: rgb(102, 102, 102); line-height: normal; font-family: Roboto, sans-serif;\"><span style=\"font-size: 18pt; font-family: Arial, sans-serif; color: rgb(72, 79, 94);\">Notas adicionales<\/span><\/p><p style=\"color: rgb(102, 102, 102); line-height: 1.45; font-family: Roboto, sans-serif;\"><\/p><p class=\"MsoNormal\" style=\"margin: 0cm 0cm 0.0001pt 11.25pt; color: rgb(102, 102, 102); line-height: normal; font-family: Roboto, sans-serif; text-indent: -18pt;\"><span style=\"font-size: 10pt; font-family: Symbol; color: rgb(93, 92, 92);\">\u00b7<span style=\"font-size: 7pt; line-height: normal; font-family: &quot;Times New Roman&quot;;\">&nbsp;&nbsp;&nbsp;&nbsp;&nbsp;&nbsp;&nbsp;&nbsp;&nbsp;<\/span><\/span><span style=\"font-size: 10pt; font-family: Arial, sans-serif; color: rgb(93, 92, 92);\">Ni esta web ni sus representantes legales se hacen responsables ni del contenido ni de la veracidad de las pol\u00edticas de privacidad que puedan tener los terceros mencionados en esta pol\u00edtica de&nbsp;<i>cookies<\/i>.<\/span><\/p><p style=\"color: rgb(102, 102, 102); line-height: 1.45; font-family: Roboto, sans-serif;\"><\/p><p class=\"MsoNormal\" style=\"margin: 0cm 0cm 0.0001pt 11.25pt; color: rgb(102, 102, 102); line-height: normal; font-family: Roboto, sans-serif; text-indent: -18pt;\"><span style=\"font-size: 10pt; font-family: Symbol; color: rgb(93, 92, 92);\">\u00b7<span style=\"font-size: 7pt; line-height: normal; font-family: &quot;Times New Roman&quot;;\">&nbsp;&nbsp;&nbsp;&nbsp;&nbsp;&nbsp;&nbsp;&nbsp;&nbsp;<\/span><\/span><span style=\"font-size: 10pt; font-family: Arial, sans-serif; color: rgb(93, 92, 92);\">Los navegadores web son las herramientas encargadas de almacenar las&nbsp;<i>cookies<\/i>&nbsp;y desde este lugar debe efectuar su derecho a eliminaci\u00f3n o desactivaci\u00f3n de las mismas. Ni esta web ni sus representantes legales pueden garantizar la correcta o incorrecta manipulaci\u00f3n de las&nbsp;<i>cookies<\/i>&nbsp;por parte de los mencionados navegadores.<\/span><\/p><p style=\"color: rgb(102, 102, 102); line-height: 1.45; font-family: Roboto, sans-serif;\"><\/p><p class=\"MsoNormal\" style=\"margin: 0cm 0cm 0.0001pt 11.25pt; color: rgb(102, 102, 102); line-height: normal; font-family: Roboto, sans-serif; text-indent: -18pt;\"><span style=\"font-size: 10pt; font-family: Symbol; color: rgb(93, 92, 92);\">\u00b7<span style=\"font-size: 7pt; line-height: normal; font-family: &quot;Times New Roman&quot;;\">&nbsp;&nbsp;&nbsp;&nbsp;&nbsp;&nbsp;&nbsp;&nbsp;&nbsp;<\/span><\/span><span style=\"font-size: 10pt; font-family: Arial, sans-serif; color: rgb(93, 92, 92);\">En algunos casos es necesario instalar&nbsp;<i>cookies<\/i>&nbsp;para que el navegador no olvide su decisi\u00f3n de no aceptaci\u00f3n de las mismas.<\/span><\/p><p style=\"color: rgb(102, 102, 102); line-height: 1.45; font-family: Roboto, sans-serif;\"><\/p><p class=\"MsoNormal\" style=\"margin: 0cm 0cm 0.0001pt 11.25pt; color: rgb(102, 102, 102); line-height: normal; font-family: Roboto, sans-serif; text-indent: -18pt;\"><span style=\"font-size: 10pt; font-family: Symbol; color: rgb(93, 92, 92);\">\u00b7<span style=\"font-size: 7pt; line-height: normal; font-family: &quot;Times New Roman&quot;;\">&nbsp;&nbsp;&nbsp;&nbsp;&nbsp;&nbsp;&nbsp;&nbsp;&nbsp;<\/span><\/span><span style=\"font-size: 10pt; font-family: Arial, sans-serif; color: rgb(93, 92, 92);\">En el caso de las&nbsp;<i>cookies<\/i>&nbsp;de Google Analytics, esta empresa almacena las&nbsp;<i>cookies<\/i>&nbsp;en servidores ubicados en Estados Unidos y se compromete a no compartirla con terceros, excepto en los casos en los que sea necesario para el funcionamiento del sistema o cuando la ley obligue a tal efecto. Seg\u00fan Google no guarda su direcci\u00f3n IP. Google Inc. es una compa\u00f1\u00eda adherida al Acuerdo de Puerto Seguro que garantiza que todos los datos transferidos ser\u00e1n tratados con un nivel de protecci\u00f3n acorde a la normativa europea. Puede consultar informaci\u00f3n detallada a este respecto&nbsp;<\/span><a href=\"http:\/\/safeharbor.export.gov\/companyinfo.aspx?id=16626\" target=\"_blank\" rel=\"noreferrer noopener\" style=\"background-color: transparent; color: rgb(18, 18, 18);\"><span style=\"font-size: 10pt; font-family: Arial, sans-serif; color: rgb(220, 108, 84);\">en este enlace<\/span><\/a><span style=\"font-size: 10pt; font-family: Arial, sans-serif; color: rgb(93, 92, 92);\">. Si desea informaci\u00f3n sobre el uso que Google da a las cookies&nbsp;<\/span><a href=\"https:\/\/developers.google.com\/analytics\/devguides\/collection\/analyticsjs\/cookie-usage?hl=es&amp;csw=1\" target=\"_blank\" rel=\"noreferrer noopener\" style=\"background-color: transparent; color: rgb(18, 18, 18);\"><span style=\"font-size: 10pt; font-family: Arial, sans-serif; color: rgb(220, 108, 84);\">le adjuntamos este otro enlace<\/span><\/a><span style=\"font-size: 10pt; font-family: Arial, sans-serif; color: rgb(93, 92, 92);\">.<\/span><\/p><p style=\"color: rgb(102, 102, 102); line-height: 1.45; font-family: Roboto, sans-serif;\"><\/p><p class=\"MsoNormal\" style=\"margin: 0cm 0cm 0.0001pt 11.25pt; color: rgb(102, 102, 102); line-height: normal; font-family: Roboto, sans-serif; text-indent: -18pt;\"><span style=\"font-size: 10pt; font-family: Symbol; color: rgb(93, 92, 92);\">\u00b7<span style=\"font-size: 7pt; line-height: normal; font-family: &quot;Times New Roman&quot;;\">&nbsp;&nbsp;&nbsp;&nbsp;&nbsp;&nbsp;&nbsp;&nbsp;&nbsp;<\/span><\/span><span style=\"font-size: 10pt; font-family: Arial, sans-serif; color: rgb(93, 92, 92);\">Para cualquier duda o consulta acerca de esta pol\u00edtica de&nbsp;<i>cookies<\/i>&nbsp;no dude en comunicarse con nosotros a trav\u00e9s de la&nbsp;<\/span><a href=\"https:\/\/www.clinicapc.es\/contacto\" style=\"background-color: transparent; color: rgb(18, 18, 18);\"><span style=\"font-size: 10pt; font-family: Arial, sans-serif; color: rgb(220, 108, 84);\">secci\u00f3n de contacto.<\/span><\/a><\/p><\/section>\t\t\t\t\t\t\t\t<\/div>\n\t\t\t\t<\/div>\n\t\t\t\t\t<\/div>\n\t\t\t\t<\/div>\n\t\t\t\t<\/div>\n\t\t","protected":false},"excerpt":{"rendered":"<p>Pol\u00edtica de cookies Una&nbsp;cookie&nbsp;es un peque\u00f1o fichero de texto que se almacena en su navegador cuando visita casi cualquier p\u00e1gina web. Su utilidad es que la web sea capaz de recordar su visita cuando vuelva a navegar por esa p\u00e1gina. Las&nbsp;cookies&nbsp;suelen almacenar informaci\u00f3n de car\u00e1cter t\u00e9cnico, preferencias personales, personalizaci\u00f3n de contenidos, estad\u00edsticas de uso, enlaces [&hellip;]<\/p>\n","protected":false},"author":3,"featured_media":0,"parent":0,"menu_order":0,"comment_status":"closed","ping_status":"closed","template":"","meta":{"footnotes":""},"class_list":["post-276","page","type-page","status-publish","hentry"],"_links":{"self":[{"href":"https:\/\/www.satinformatico.com\/index.php\/wp-json\/wp\/v2\/pages\/276","targetHints":{"allow":["GET"]}}],"collection":[{"href":"https:\/\/www.satinformatico.com\/index.php\/wp-json\/wp\/v2\/pages"}],"about":[{"href":"https:\/\/www.satinformatico.com\/index.php\/wp-json\/wp\/v2\/types\/page"}],"author":[{"embeddable":true,"href":"https:\/\/www.satinformatico.com\/index.php\/wp-json\/wp\/v2\/users\/3"}],"replies":[{"embeddable":true,"href":"https:\/\/www.satinformatico.com\/index.php\/wp-json\/wp\/v2\/comments?post=276"}],"version-history":[{"count":4,"href":"https:\/\/www.satinformatico.com\/index.php\/wp-json\/wp\/v2\/pages\/276\/revisions"}],"predecessor-version":[{"id":280,"href":"https:\/\/www.satinformatico.com\/index.php\/wp-json\/wp\/v2\/pages\/276\/revisions\/280"}],"wp:attachment":[{"href":"https:\/\/www.satinformatico.com\/index.php\/wp-json\/wp\/v2\/media?parent=276"}],"curies":[{"name":"wp","href":"https:\/\/api.w.org\/{rel}","templated":true}]}}